z = 18 + -8. Calculate the greatest common divisor of w and z.
10
Let v be -6 - -5 - -5*1. Suppose -v*z = 4*g + 13 - 121, -2*z - 5*g + 63 = 0. What is the greatest common divisor of z and 12?
12
Let w = -5 + 1. Let y be w/(-12) + (-35)/(-3). Suppose 0*b + 3*b = 12. Calculate the greatest common divisor of y and b.
4
Let n = -38 - -60. Let a be (-8)/(2 + -1) - -4 - -26. What is the greatest common factor of a and n?
22
Let h = 3828 + -3816. Let a(p) = 4*p**2 + 2. Let r be a(-2). What is the greatest common divisor of h and r?
6
Let a = 360 + -334. Calculate the highest common factor of 793 and a.
13
Let a = -31 - 2. Let r(b) = -14*b**2 - 1. Let s be r(2). Let l = a - s. Calculate the greatest common divisor of l and 60.
12
Suppose 2*i - 3*q + 188 = 773, 5*q = 3*i - 880. What is the highest common factor of i and 15?
15
Let a be (-30 - 0)*528/(-165). Calculate the greatest common divisor of 128 and a.
32
Let d(t) = t - 21. Let j be d(-7). Let u = -8 - j. Calculate the greatest common divisor of u and 120.
20
Let z(k) = 13*k - 657. Let y be z(59). Suppose 0 = i + 5, -u - 4*i = -i - 7. What is the greatest common factor of u and y?
22
Let g = -1137 + 2072. What is the highest common divisor of 170 and g?
85
Let x be (-2)/(-8) - (-8265)/60. Calculate the greatest common factor of 6 and x.
6
Suppose 0*m = -2*m. Suppose -2*f - 3 + 23 = m. Suppose -2*l = 3*s - 39 - 75, 0 = l - 5*s - 70. What is the highest common factor of l and f?
10
Let p be ((-72)/28)/(-6*(-4)/(-560)). Calculate the highest common factor of p and 96.
12
Suppose 10*d - 70 = 5*d. Let o be (-462)/(-8)*(-4 - (-80)/12). What is the highest common factor of d and o?
14
Suppose 4*x - 5*v = -v + 104, -42 = -x - 3*v. What is the highest common factor of x and 200?
10
Suppose -76*u + 1138 = i - 81*u, 2246 = 2*i + 5*u. Calculate the highest common factor of i and 8.
8
Suppose -39*t + 25 = -37*t + 3*q, -4*q + 5 = -3*t. What is the greatest common divisor of t and 1445?
5
Suppose 5*d = 7*d - 4. Let f be ((-13)/(-3))/(1/3) + d. What is the highest common factor of 120 and f?
15
Let x(s) = -2*s + 14. Let c = 17 - 6. Let t be x(c). Let a = 8 - t. Calculate the greatest common factor of a and 112.
16
Suppose 27*s - 5*s - 1320 = 0. Calculate the highest common divisor of 195 and s.
15
Let h be 6*(0 - 2)*44/24. Let w be h/(-10) + -2 - (-1224)/5. Calculate the highest common factor of w and 49.
49
Suppose 1268*u = 1259*u + 2142. What is the greatest common divisor of u and 119?
119
Let p = 1284 - 1046. Calculate the highest common divisor of p and 70.
14
Suppose -147 = -24*m + 17*m. Calculate the highest common divisor of 1344 and m.
21
Let i = -155 + 220. Let m = -20 + i. What is the highest common factor of 9 and m?
9
Let z(p) = -2*p + 5. Let y(w) = w - 12. Let o be y(7). Let v be z(o). Calculate the greatest common divisor of v and 105.
15
Let s(h) = -3*h**2 - 5*h - 6. Let i(u) = -2*u**2 - 4*u - 5. Let q(w) = 4*i(w) - 3*s(w). Let v be q(-4). Calculate the greatest common factor of v and 3.
3
Let c(u) = 119*u - 5. Let q be c(3). Let f = 8 + -6. Suppose f*d = 80 - 16. Calculate the highest common factor of d and q.
32
Suppose 77*v - 2308 = 1542. What is the greatest common factor of 170 and v?
10
Let d(j) = 3*j - 20. Let r be d(18). What is the highest common factor of 4 and r?
2
Let j(r) = 2*r**3 + r**2 - 9*r + 9. Let s be j(2). What is the highest common factor of s and 3?
1
Suppose k + 5*x - 2*x - 911 = 0, 5*x - 25 = 0. Calculate the greatest common factor of 16 and k.
16
Let f(n) = 2*n**2 + 30*n + 34. Let o be f(-14). Suppose -110 = 4*y - o*y. Calculate the highest common divisor of y and 10.
5
Let t = 16 + -7. Suppose -9 = -t*h + 45. Let g = 10 + 44. Calculate the highest common divisor of h and g.
6
Suppose -2*s - 784 = -2*b, -5*b - 29*s = -26*s - 1920. What is the highest common divisor of b and 63?
9
Let v be (1 - -1 - -277) + 0 + -3. Calculate the highest common factor of 6 and v.
6
Let k be 684/14 + 15/105. Calculate the greatest common factor of 14 and k.
7
Let u = 11 + -10. Let s(i) = -2 - 26*i**3 + 14*i**3 + 2*i + 1 + 24*i**3. Let j be s(u). What is the greatest common divisor of 117 and j?
13
Let k be -13*(20/(-4) + 4). Calculate the greatest common factor of 52 and k.
13
Let m be -12*(-111)/12 + 4. Calculate the highest common factor of m and 23.
23
Let b = -7 + 5. Let a(c) = -c**2 + 4*c - 5. Let l be a(4). Let i = b - l. What is the highest common divisor of i and 33?
3
Let r be 3/(-1)*112/(-12). Calculate the greatest common divisor of r and 378.
14
Let z = -223 + 284. Calculate the greatest common factor of 122 and z.
61
Suppose 2*q - o - 106 = -23, -2*o = -5*q + 208. Suppose 5*s - 55 = -6*s. Suppose -277 = -s*x + 248. Calculate the greatest common factor of x and q.
21
Let g be (1/(-2))/((-10)/(-60)). Let a be (-3)/(-2)*(27 - g). Suppose 0*p = 3*p - 90. Calculate the highest common factor of p and a.
15
Let d be 42/12 - 11949/(-42). What is the highest common divisor of d and 160?
32
Suppose -x + 380 = 4*x. Suppose 0 = 6*b - 10*b + x. What is the highest common factor of b and 171?
19
Let c = -6 + 11. Suppose 7 = -3*j - 4*f, -c*f - 16 = 3*j - 5. What is the greatest common divisor of j and 1?
1
Suppose 29*q + 9 = 647. Let k(w) = -2*w**3 - 4*w**2 - 5*w + 3. Let g be k(-5). Let u = g - 123. Calculate the highest common factor of u and q.
11
Let h be 0*(-1)/3 + 2. Suppose -o = h*x - 84, -x - 2*o = 2*o - 42. Let q = 45 + -39. Calculate the highest common divisor of q and x.
6
Let y be (-8)/(-14)*42/12. Suppose -p = -2*p + 5. Calculate the greatest common factor of y and p.
1
Let a be ((-15)/(-12))/((-2)/(-280)). Suppose -210 = -17*w + 14*w. What is the greatest common divisor of a and w?
35
Suppose 0 = -43*u + 31*u + 120. What is the greatest common divisor of u and 14?
2
Suppose 215*b - 220*b = 3*y - 767, 4*b + 504 = 2*y. Calculate the greatest common factor of y and 2413.
127
Suppose -1582 - 458 = -12*m. Calculate the highest common factor of 306 and m.
34
Suppose -133*d = -131*d - 120. What is the highest common divisor of d and 220?
20
Let p be 1/(10/(-120)) - -187. What is the greatest common factor of p and 35?
35
Let a be (2/8)/(5/40). Suppose 7*n - 3*n - 106 = -5*x, -3*x - a*n = -62. Suppose -8*c + x = -6*c. Calculate the greatest common divisor of 63 and c.
9
Suppose 163 = 2*t - i, 4*i - 415 = -5*t + 5*i. Calculate the greatest common factor of 210 and t.
42
Suppose -35*s + 37*s - 230 = x, -3*s - 2*x + 345 = 0. What is the greatest common divisor of 621 and s?
23
Suppose 5*o = 2*o + 57. Suppose 0 = 5*n + 11*n - 304. What is the greatest common factor of n and o?
19
Suppose -7*t = -3*t - 16. Suppose t*p - 964 = 380. Suppose 6*n - 10*n = -p. Calculate the greatest common divisor of 12 and n.
12
Let i be (-325)/25*(-6 + 1). What is the greatest common factor of 325 and i?
65
Suppose 6*x + 151 = 7*x. Let v be 64/10*(32 - 2). Suppose -3*f + w + v = 5*w, -x = -2*f + 5*w. What is the greatest common divisor of f and 17?
17
Suppose 0 = -y - 4*y + 30. Let h = 1725 + -1695. Calculate the highest common divisor of h and y.
6
Let s be 10*-6*20/(-3). Suppose h - s = -4*h. Suppose 5*x - 4*m - 72 = 0, 2*m = 3*x - 0*x - 44. Calculate the highest common divisor of x and h.
16
Let n be 72/(-20)*15/(-3). Let v = 12 - n. Let t = 18 + v. Calculate the greatest common divisor of t and 36.
12
Let s be (1 + -17)/8 - -2*6. Calculate the greatest common factor of s and 230.
10
Let r(w) = 33*w**2 - 13*w**2 - 13 + 2*w - 17*w**2. Let u be r(-4). Calculate the highest common divisor of u and 243.
27
Let b = 166 + -97. Calculate the highest common factor of b and 115.
23
Let k be ((-2)/3)/(4/18). Let v = 0 - k. Suppose -2*g = v*g - 135. Calculate the greatest common factor of g and 3.
3
Suppose -4*w = 13*w + 34. Let h = w + 13. What is the highest common divisor of h and 44?
11
Let l(a) = -2*a**3 + a**2 + 3*a - 3. Let y be l(2). Let b be y/18*-19*6. Calculate the highest common factor of b and 38.
19
Let g be (903/86)/((-6)/(-4)). What is the greatest common divisor of g and 2?
1
Let z = 39 - 48. Let r be 0/4 - (-2 + z). Calculate the greatest common factor of 176 and r.
11
Let u = -186 + 222. Let c be (-30)/(-3)*6/5. Calculate the greatest common factor of c and u.
12
Suppose 5*h - x - 40 = h, -3*h + 